ide o(4)?
True
Let t be (-3)/(-5) - (-72)/(-20). Is 2 a factor of 1 - t*(-5)/(-15)?
True
Let w = 1986 + -1661. Is 2 a factor of w?
False
Is ((-34)/12)/((-1)/42) a multiple of 7?
True
Let u = 14 - 13. Let a(t) = 25*t - 2. Is 4 a factor of a(u)?
False
Let i(s) = -2*s + 5. Let h be i(3). Suppose -3*v = 2*n + 4 - 25, -v = -2*n + 17. Is (-7)/(3/n*h) a multiple of 12?
False
Suppose t = -4 + 3, -3*t = 5*n - 1592. Is n a multiple of 22?
False
Suppose 9*v + 2714 = 6845. Is v a multiple of 19?
False
Suppose -46185 = -72*f + 43095. Does 8 divide f?
True
Is (-1908)/(-3) - -6 - (4 - 2) a multiple of 54?
False
Let s = 146 - 140. Let k = 17 - 10. Suppose -x + k = -s. Does 8 divide x?
False
Suppose n = 10*n - 702. Suppose -3*k = -4*c - 164, -51 = -3*k - 3*c + n. Is k a multiple of 8?
True
Let x = -1943 + 5111. Does 18 divide x?
True
Suppose 152*w + 4182 = 169*w. Does 14 divide w?
False
Suppose -2*k + 18 = k. Is (5*3/k)/(3/30) a multiple of 25?
True
Let p be ((-56)/10)/(10/(-25)). Suppose m - 2*x + 6 = -0*m, 3*m + 2*x = p. Suppose 0 = 7*d - m*d - 30. Is d a multiple of 3?
True
Suppose -5*n - 60 = -435. Suppose 3*q = -i + 14, 3*i = q + 12 - 0. Suppose 0 = -8*k + q*k + n. Is k a multiple of 6?
False
Suppose -m + 2*m - 62 = 0. Is m a multiple of 5?
False
Let g = 833 + -463. Suppose g = 13*n - 18*n. Let d = n + 135. Does 14 divide d?
False
Suppose -3*h - 636 = -7*h. Let i = h + -39. Does 30 divide i?
True
Suppose 0 = -9*q + 6*q + 15. Suppose -2*z - q*o = -6 - 35, -z = -3*o - 15. Is z a multiple of 9?
True
Let l be 39*(5/(-3) + -1). Let t be (3/6)/((-2)/l). Let x = t - -4. Is x a multiple of 10?
True
Let x(g) = 3*g - 19. Let f be x(8). Suppose k - 2*j + 76 - 16 = 0, 5 = f*j. Let u = k + 84. Is 26 a factor of u?
True
Let t(d) = -2*d**3 + 15*d**2 - 6*d - 4. Let r be t(7). Is 6 a factor of (-3 - (-1)/(2/18))*r?
True
Let j = 5 - 9. Let l = j - -8. Suppose 60 = l*p - 32. Is p a multiple of 18?
False
Suppose 8*w + 4050 = 35*w. Does 6 divide w?
True
Let u = 14 - 2. Suppose -3*s + 0 = -u. Is 18 a factor of 2/((-16)/(-198))*s?
False
Let n(x) = x + 10. Let r be n(0). Suppose -2*d = -8, -5*d - r - 14 = o. Let c = -14 - o. Does 10 divide c?
True
Let r(q) = 4*q**2 + q + 18. Is 13 a factor of r(4)?
False
Suppose -6*w + 4*w = 4. Is (18/54)/(w/(-348)) a multiple of 8?
False
Let v = -4 + 23. Suppose -3*l = 5*b - v, -b + 2*l - 3 = 1. Suppose -b*u + k + 28 = 0, 4*u + 4*k - 16 - 52 = 0. Does 3 divide u?
True
Let s(p) = -40*p**2 - 34 - 35*p**2 + 76*p**2 - 9*p. Does 10 divide s(14)?
False
Suppose 5*k + 19 = -5*v - 6, 16 = -2*k - 4*v. Does 14 divide k*(2 + -3) - -46?
False
Let g = -572 + 331. Let i = -65 - g. Does 44 divide i?
True
Let m(t) = 3*t - 4. Let b be m(3). Let c be (-5)/(b/(-52)) - -3. Suppose q - c = -s - 4*q, -4*q - 333 = -5*s. Is 16 a factor of s?
False
Suppose 6*y - 899 - 1081 = 0. Does 15 divide y?
True
Suppose -255 = -3*v - 3*c, -3*v - 5 = 2*c - 255. Let q = -442 - -448. Does 30 divide (81/12)/(q/v)?
True
Suppose 2*s + 44 = p + 115, -5*p - 165 = -5*s. Is 19 a factor of s?
True
Let l(k) = k**3 - 6*k**2 + 7*k + 10. Let s be l(6). Suppose -6*g + 2*g = c - s, c - 57 = -3*g. Does 11 divide c?
False
Suppose 4*m + 36 = 2*j, -5*m = -m + 3*j + 26. Let s be 352/12*(-42)/m. Suppose -5*x = -3*x - s. Is x a multiple of 12?
False
Let g be (304/12 - -4)*3/2. Let m = -31 + g. Is 13 a factor of m?
True
Let m(y) = 15*y**2 + 0 + 4*y**2 - 1. Let z(b) = 5*b + 39. Let p be z(-8). Does 11 divide m(p)?
False
Suppose 2*f - 2*n - 1035 = n, 2*n - 1050 = -2*f. Is 9 a factor of f?
True
Let t be (-12)/(-7) - 4/(-14). Let w be t*(1 + -3)*-10. Suppose 3*k - 136 = -w. Is k a multiple of 14?
False
Let u(o) = 16*o + 12*o - 20*o. Is u(5) a multiple of 20?
True
Let h(a) = -191*a**3 + 2*a + 2. Does 16 divide h(-1)?
False
Let a(h) = -2*h**2 - 65*h - 15. Is a(-15) a multiple of 10?
True
Suppose -48 = -5*a - 163. Suppose 0*i + 4*i - 4*p + 204 = 0, -121 = 3*i + 5*p. Let b = a - i. Does 5 divide b?
False
Let n(d) = d**3 - 35*d + 153. Does 8 divide n(8)?
False
Suppose 0 = -3*c + 35 + 37. Let n be 76/c - 1/6. Suppose 0 = -4*g - 20, -j + n*g + 114 = 2*j. Is 11 a factor of j?
True
Let c be 4*2 + -3 + 0. Let k = 1 + 7. Let f = k - c. Is 3 a factor of f?
True
Let v be 45 + (2 - (0/(-4) - -2)). Suppose 120 = 5*p - 3*p. Suppose 3*y + 2*g = -2*g + v, -4*y - 5*g + p = 0. Is 8 a factor of y?
False
Let o = 213 - 116. Is o/11 + (-8)/(-44) a multiple of 3?
True
Suppose 0 = -7*t + 8*t + 5. Let p(w) = -w**3 - 6*w**2 - 4*w + 4. Let d be p(t). Is (d/1)/((-6)/66) a multiple of 10?
False
Let r be (-220)/(-11)*(0 + (-1)/(-4)). Suppose r*f + 306 = 1161. Is 44 a factor of f?
False
Let v = 333 - 222. Is v a multiple of 22?
False
Let h = 159 + 15. Is h a multiple of 58?
True
Let u = 446 + -227. Suppose 0 = 2*p - u + 51. Is 15 a factor of p?
False
Let d(t) = -43*t + 98. Is 25 a factor of d(-29)?
False
Let m(u) be the second derivative of -u**5/20 + 2*u**4/3 + u**3/3 - 9*u**2/2 - 4*u. Let v be m(8). Let a(l) = 2*l - 9. Is 2 a factor of a(v)?
False
Suppose 12*c - 2 = 11*c. Suppose -b = -2*w + 125, 7*w = c*w + 2*b + 315. Does 10 divide w?
False
Let g be (5 - (-108)/(-21)) + (-944)/7. Let s = -64 - g. Does 12 divide s?
False
Let c(n) = n**2 - 8*n + 14. Let k be c(8). Suppose -10*x = -k*x + 184. Is x a multiple of 12?
False
Let i(o) = o**2 + 5*o + 6. Let m be i(-3). Suppose -2*g + 4*j + 68 = m, -g - j = 2*g - 81. Does 9 divide g?
False
Let y(l) = -l + 8. Let q be y(5). Suppose 5*x - 5*t = 265, q*x - 131 = t - 5*t. Let i = -15 + x. Is i a multiple of 9?
False
Is ((13770/12)/(-15))/(3/(-28)) a multiple of 21?
True
Let d(z) = z**3 - 4*z**2 + z - 2. Let l be d(4). Suppose a - 26 = 5*y - 232, -121 = -3*y - l*a. Does 6 divide y?
False
Suppose -3*d - 633 = -5*y, 5*d = -11*y + 13*y - 238. Is 3 a factor of y?
True
Let a be 2/9 + (-4088)/(-72). Suppose -j = -2 + 23. Let g = a + j. Is 9 a factor of g?
True
Let q(s) = 2*s - 40. Let y be q(13). Let v = 32 + y. Is v a multiple of 9?
True
Suppose -4*u - 12 = 0, u = 3*c + 2*c - 2863. Is 26 a factor of c?
True
Suppose 2*h + 2 = -4*q + 10, 3*h - 12 = -5*q. Suppose 0 = h*a - 205 - 99. Is a a multiple of 13?
False
Suppose -t + 2*b + 1 = 2, -4*t - 14 = 2*b. Let x = t + 5. Suppose 4*h - d - 79 = -0*d, 41 = x*h - d. Is 19 a factor of h?
True
Does 11 divide 7 - -3 - 8 - (-1902 - -1)?
True
Let a = -15 - -21. Suppose -3 + a = g. Is (-6)/((-1)/g + 0) a multiple of 16?
False
Let q(w) = -2*w**2 + 5*w**2 - 2 + 19*w + 8 - 2*w**2. Is 3 a factor of q(-19)?
True
Suppose -2*t + 4*t - 654 = 0. Suppose -5*h - 7 = -t. Is 16 a factor of h?
True
Let v be (-44)/(-7) - 30/105. Suppose -v*k + 785 = -25. Does 20 divide k?
False
Is 12/2 + -7 - (-554)/2 a multiple of 6?
True
Suppose -v = -0*c + 3*c + 2, 3*c = 2*v - 14. Is 8 a factor of (-6)/(185/100 + c)?
True
Suppose -4*q = -l - 289, -4*q + 3*q + 2*l + 74 = 0. Is 2 a factor of q?
True
Let t(o) = o**3 + 4*o**2 + 2*o - 1. Let s be t(-2). Suppose -3*g - 17 = 3*j - 242, 0 = -5*j + s*g + 375. Is j a multiple of 25?
True
Is 585/26*1340/50 a multiple of 3?
True
Suppose -2*y - 4*g + 94 = 0, -g = 3*g. Suppose 3*d - y = 43. Does 8 divide d?
False
Let y be (35/(-4))/((-1)/(-48)*-1). Suppose -6*w + 10*w = y. Does 21 divide w?
True
Let r(k) = -k**2 - 5*k - 3. Let o be r(-3). Let q = 0 + o. Suppose -2*x + q*b + 53 = -3, x - 3*b = 31. Is x a multiple of 8?
False
Let u = 61 - 59. Suppose -y + 38 = 4*h, -h = 2*y + u*h - 91. Is y a multiple of 3?
False
Let s be 2/3 - (-5139)/27. Suppose 0 = -3*t + 31 + s. Is t a multiple of 11?
False
Suppose -4*x - 3*v - 19 = 0, -3*x + 0 = -5*v - 22. Let h be 2/(((-2)/x)/4). Is 23 a factor of -23*(-1 - h - -1)?
True
Suppose -3*z + 2056 = -4*d, -55*d = 5*z - 51*d - 3384. Is z a multiple of 17?
True
Let w = 5471 + -3437. Is 31 a factor of w?
False
Does 5 divide (-4 - (-165)/(-12))/((-4)/80)?
True
Let g(l) = l**2 - l - 14. Let f be g(0). Suppose -5*r - h + 1886 = -4194, 0 = 2*h - 10. Is 6 a factor of 4/f + r/63?
False
Let w(a) = -4*a + 97. Is w(10) a multiple of 3?
True
Is 16 a factor of -168*8*(-2)/24?
True
Let t(v) = 793*v - 19. Is t(1) a multiple of 17?
False
Suppose -3*p = 2*p - 575. Suppose -2*v - x = -6, -12 - 3 = -5*v - 4*x. Suppose 2*s = -v*y + p, -3*y + y - 6 = 0. Does 16 divide s?
False
Let q(w) = 14*w**2 + w + 1. Let f be q(-1). Suppose 11*h = f*h + 36. Is 5 a